{"id":35,"date":"2025-06-14T12:48:55","date_gmt":"2025-06-14T12:48:55","guid":{"rendered":"https:\/\/xn--brgerfrwetter-wobf.eu\/?page_id=35"},"modified":"2026-03-13T09:31:10","modified_gmt":"2026-03-13T08:31:10","slug":"35-2-2","status":"publish","type":"page","link":"https:\/\/buergerfuerwetter.de\/","title":{"rendered":"Startseite"},"content":{"rendered":"<div  class='flex_column av-28m17-96a72ad1dab7a5b36c0ac0003db3437f av_one_full  avia-builder-el-0  el_before_av_hr  avia-builder-el-first  first flex_column_div  '     ><p>\n<style type=\"text\/css\" data-created_by=\"avia_inline_auto\" id=\"style-css-av-mdaderrl-4c43d2be33650a1817e6124e39411633\">\n\n@media only screen and (max-width: 479px){ \n#top .av_textblock_section.av-mdaderrl-4c43d2be33650a1817e6124e39411633 .avia_textblock{\nfont-size:30px;\n}\n}\n<\/style>\n<section  class='av_textblock_section av-mdaderrl-4c43d2be33650a1817e6124e39411633 '   itemscope=\"itemscope\" itemtype=\"https:\/\/schema.org\/CreativeWork\" ><div class='avia_textblock'  itemprop=\"text\" ><p><img loading=\"lazy\" decoding=\"async\" class=\"aligncenter wp-image-730\" src=\"https:\/\/buergerfuerwetter.de\/wp-content\/uploads\/2025\/09\/Blue-and-White-Study-Abroad-Facebook-Cover-845x315.png\" alt=\"\" width=\"1600\" height=\"592\" srcset=\"https:\/\/buergerfuerwetter.de\/wp-content\/uploads\/2025\/09\/Blue-and-White-Study-Abroad-Facebook-Cover-300x111.png 300w, https:\/\/buergerfuerwetter.de\/wp-content\/uploads\/2025\/09\/Blue-and-White-Study-Abroad-Facebook-Cover-768x284.png 768w, https:\/\/buergerfuerwetter.de\/wp-content\/uploads\/2025\/09\/Blue-and-White-Study-Abroad-Facebook-Cover-705x261.png 705w, https:\/\/buergerfuerwetter.de\/wp-content\/uploads\/2025\/09\/Blue-and-White-Study-Abroad-Facebook-Cover.png 851w\" sizes=\"auto, (max-width: 1600px) 100vw, 1600px\" \/><\/p>\n<\/div><\/section><br \/>\n<div  class='hr av-1gvt3-d3ff5f18708fd97e182fa7e280ed2613 hr-default  avia-builder-el-2  el_after_av_textblock  el_before_av_textblock '><span class='hr-inner '><span class=\"hr-inner-style\"><\/span><\/span><\/div><br \/>\n<section  class='av_textblock_section av-mftk1rbe-f7fef5ef570fd47f825bdf19895cfb7e '   itemscope=\"itemscope\" itemtype=\"https:\/\/schema.org\/CreativeWork\" ><div class='avia_textblock'  itemprop=\"text\" ><p style=\"text-align: center;\"><strong>Zeit bis zur n\u00e4chsten Ratssitzung<\/strong><\/p>\n<\/div><\/section><br \/>\n<div  class='av-countdown-timer av-mftk17z5-35af7a903d16bc3233350bf267713040 av-align-center av-default-style av-classic-numbers  avia-builder-el-4  el_after_av_textblock  avia-builder-el-last '  data-year=' 2026' data-month='4' data-day=' 21 ' data-hour='17' data-minute='0' data-timezone='120' data-interval='1000' data-maximum='5' ><span class='av-countdown-timer-inner'><span class='av-countdown-cell av-countdown-weeks'><span class='av-countdown-cell-inner'><span class='av-countdown-time' data-upate-width='weeks'>0<\/span><span class='av-countdown-time-label' data-label='Woche' data-label-multi='Wochen'>Wochen<\/span><\/span><\/span><span class='av-countdown-cell av-countdown-days'><span class='av-countdown-cell-inner'><span class='av-countdown-time' data-upate-width='days'>0<\/span><span class='av-countdown-time-label' data-label='Tag' data-label-multi='Tage'>Tage<\/span><\/span><\/span><span class='av-countdown-cell av-countdown-hours'><span class='av-countdown-cell-inner'><span class='av-countdown-time' data-upate-width='hours'>0<\/span><span class='av-countdown-time-label' data-label='Stunde' data-label-multi='Stunden'>Stunden<\/span><\/span><\/span><span class='av-countdown-cell av-countdown-minutes'><span class='av-countdown-cell-inner'><span class='av-countdown-time' data-upate-width='minutes'>0<\/span><span class='av-countdown-time-label' data-label='Minute' data-label-multi='Minuten'>Minuten<\/span><\/span><\/span><span class='av-countdown-cell av-countdown-seconds'><span class='av-countdown-cell-inner'><span class='av-countdown-time' data-upate-width='seconds'>0<\/span><span class='av-countdown-time-label' data-label='Sekunde' data-label-multi='Sekunden'>Sekunden<\/span><\/span><\/span><\/span><\/div><\/p><\/div><div  class='hr av-obsr-60d380f713a2cf1a8e51cd8d3b22749a hr-default  avia-builder-el-5  el_after_av_one_full  el_before_av_textblock '><span class='hr-inner '><span class=\"hr-inner-style\"><\/span><\/span><\/div><\/p>\n<section  class='av_textblock_section av-mhcagju8-d53bce8c494d06b170e52fac31101d4e '   itemscope=\"itemscope\" itemtype=\"https:\/\/schema.org\/CreativeWork\" ><div class='avia_textblock'  itemprop=\"text\" ><p style=\"text-align: center;\">Aktuelle Sitzverteilung im Rat der Stadt Wetter (Ruhr)<\/p>\n<\/div><\/section>\n<div  class='avia-chart-1 avia-chart-container av-chart-bar av-mftklyxx-cd184f6e24b6b3aaad26badb6f558522  avia-builder-el-7  el_after_av_textblock  avia-builder-el-last ' data-chart_config='{\"type\":\"bar\",\"options\":{\"plugins\":{\"title\":{\"display\":true,\"text\":\"Rat der Stadt Wetter (Ruhr)\",\"position\":\"top\"},\"tooltip\":{\"enabled\":true,\"position\":\"average\",\"displayColors\":true}}},\"data\":{\"datasets\":[{\"label\":\"SPD\",\"data\":[\"16\"],\"backgroundColor\":[\"#ef373d\"]},{\"label\":\"CDU\",\"data\":[\"11\"],\"backgroundColor\":[\"#000000\"]},{\"label\":\"Gr\\u00fcne\",\"data\":[\"8\"],\"backgroundColor\":[\"#42aa4e\"]},{\"label\":\"AfD\",\"data\":[\"7\"],\"backgroundColor\":[\"#0070e8\"]},{\"label\":\"Die Linke\",\"data\":[\"3\"],\"backgroundColor\":[\"#a81c3d\"]},{\"label\":\"BfW\",\"data\":[\"2\"],\"backgroundColor\":[\"#0b3c49\"]},{\"label\":\"FDP\",\"data\":[\"2\"],\"backgroundColor\":[\"#f4f404\"]},{\"label\":\"Freie W\\u00e4hler\",\"data\":[\"1\"],\"backgroundColor\":[\"#ed9702\"]}],\"labels\":[\"Sitzverteilung\"]}}'><canvas class='avia-chart'  role='img'><\/canvas><\/div>\n","protected":false},"excerpt":{"rendered":"","protected":false},"author":1,"featured_media":61,"parent":0,"menu_order":0,"comment_status":"closed","ping_status":"closed","template":"","meta":{"footnotes":""},"class_list":["post-35","page","type-page","status-publish","has-post-thumbnail","hentry"],"yoast_head":"<!-- This site is optimized with the Yoast SEO plugin v27.3 - https:\/\/yoast.com\/product\/yoast-seo-wordpress\/ -->\n<title>Startseite - B&uuml;rger f&uuml;r Wetter<\/title>\n<meta name=\"description\" content=\"Internetbereich der Freien W\u00e4hlergemeinschaft B\u00fcrger f\u00fcr Wetter\" \/>\n<meta name=\"robots\" content=\"index, follow, max-snippet:-1, max-image-preview:large, max-video-preview:-1\" \/>\n<link rel=\"canonical\" href=\"https:\/\/buergerfuerwetter.de\/\" \/>\n<meta property=\"og:locale\" content=\"de_DE\" \/>\n<meta property=\"og:type\" content=\"article\" \/>\n<meta property=\"og:title\" content=\"Startseite - B&uuml;rger f&uuml;r Wetter\" \/>\n<meta property=\"og:description\" content=\"Internetbereich der Freien W\u00e4hlergemeinschaft B\u00fcrger f\u00fcr Wetter\" \/>\n<meta property=\"og:url\" content=\"https:\/\/buergerfuerwetter.de\/\" \/>\n<meta property=\"og:site_name\" content=\"B&uuml;rger f&uuml;r Wetter\" \/>\n<meta property=\"article:publisher\" content=\"https:\/\/www.facebook.com\/buergerfuerwetter\" \/>\n<meta property=\"article:modified_time\" content=\"2026-03-13T08:31:10+00:00\" \/>\n<meta property=\"og:image\" content=\"https:\/\/buergerfuerwetter.de\/wp-content\/uploads\/2025\/07\/FB_Logo.png\" \/>\n\t<meta property=\"og:image:width\" content=\"500\" \/>\n\t<meta property=\"og:image:height\" content=\"500\" \/>\n\t<meta property=\"og:image:type\" content=\"image\/png\" \/>\n<meta name=\"twitter:card\" content=\"summary_large_image\" \/>\n<meta name=\"twitter:label1\" content=\"Gesch\u00e4tzte Lesezeit\" \/>\n\t<meta name=\"twitter:data1\" content=\"1\u00a0Minute\" \/>\n<script type=\"application\/ld+json\" class=\"yoast-schema-graph\">{\"@context\":\"https:\\\/\\\/schema.org\",\"@graph\":[{\"@type\":\"WebPage\",\"@id\":\"https:\\\/\\\/buergerfuerwetter.de\\\/\",\"url\":\"https:\\\/\\\/buergerfuerwetter.de\\\/\",\"name\":\"Startseite - B&uuml;rger f&uuml;r Wetter\",\"isPartOf\":{\"@id\":\"https:\\\/\\\/buergerfuerwetter.de\\\/#website\"},\"primaryImageOfPage\":{\"@id\":\"https:\\\/\\\/buergerfuerwetter.de\\\/#primaryimage\"},\"image\":{\"@id\":\"https:\\\/\\\/buergerfuerwetter.de\\\/#primaryimage\"},\"thumbnailUrl\":\"https:\\\/\\\/buergerfuerwetter.de\\\/wp-content\\\/uploads\\\/2025\\\/07\\\/FB_Logo.png\",\"datePublished\":\"2025-06-14T12:48:55+00:00\",\"dateModified\":\"2026-03-13T08:31:10+00:00\",\"description\":\"Internetbereich der Freien W\u00e4hlergemeinschaft B\u00fcrger f\u00fcr Wetter\",\"breadcrumb\":{\"@id\":\"https:\\\/\\\/buergerfuerwetter.de\\\/#breadcrumb\"},\"inLanguage\":\"de\",\"potentialAction\":[{\"@type\":\"ReadAction\",\"target\":[\"https:\\\/\\\/buergerfuerwetter.de\\\/\"]}]},{\"@type\":\"ImageObject\",\"inLanguage\":\"de\",\"@id\":\"https:\\\/\\\/buergerfuerwetter.de\\\/#primaryimage\",\"url\":\"https:\\\/\\\/buergerfuerwetter.de\\\/wp-content\\\/uploads\\\/2025\\\/07\\\/FB_Logo.png\",\"contentUrl\":\"https:\\\/\\\/buergerfuerwetter.de\\\/wp-content\\\/uploads\\\/2025\\\/07\\\/FB_Logo.png\",\"width\":500,\"height\":500},{\"@type\":\"BreadcrumbList\",\"@id\":\"https:\\\/\\\/buergerfuerwetter.de\\\/#breadcrumb\",\"itemListElement\":[{\"@type\":\"ListItem\",\"position\":1,\"name\":\"Startseite\",\"item\":\"https:\\\/\\\/buergerfuerwetter.de\\\/\"},{\"@type\":\"ListItem\",\"position\":2,\"name\":\"Startseite\"}]},{\"@type\":\"WebSite\",\"@id\":\"https:\\\/\\\/buergerfuerwetter.de\\\/#website\",\"url\":\"https:\\\/\\\/buergerfuerwetter.de\\\/\",\"name\":\"B\u00fcrger f\u00fcr Wetter\",\"description\":\"\",\"publisher\":{\"@id\":\"https:\\\/\\\/buergerfuerwetter.de\\\/#organization\"},\"potentialAction\":[{\"@type\":\"SearchAction\",\"target\":{\"@type\":\"EntryPoint\",\"urlTemplate\":\"https:\\\/\\\/buergerfuerwetter.de\\\/?s={search_term_string}\"},\"query-input\":{\"@type\":\"PropertyValueSpecification\",\"valueRequired\":true,\"valueName\":\"search_term_string\"}}],\"inLanguage\":\"de\"},{\"@type\":\"Organization\",\"@id\":\"https:\\\/\\\/buergerfuerwetter.de\\\/#organization\",\"name\":\"B\u00fcrger f\u00fcr Wetter\",\"url\":\"https:\\\/\\\/buergerfuerwetter.de\\\/\",\"logo\":{\"@type\":\"ImageObject\",\"inLanguage\":\"de\",\"@id\":\"https:\\\/\\\/buergerfuerwetter.de\\\/#\\\/schema\\\/logo\\\/image\\\/\",\"url\":\"https:\\\/\\\/buergerfuerwetter.de\\\/wp-content\\\/uploads\\\/2025\\\/05\\\/Logo-ohne-Hintergrund-scaled.png\",\"contentUrl\":\"https:\\\/\\\/buergerfuerwetter.de\\\/wp-content\\\/uploads\\\/2025\\\/05\\\/Logo-ohne-Hintergrund-scaled.png\",\"width\":1921,\"height\":2560,\"caption\":\"B\u00fcrger f\u00fcr Wetter\"},\"image\":{\"@id\":\"https:\\\/\\\/buergerfuerwetter.de\\\/#\\\/schema\\\/logo\\\/image\\\/\"},\"sameAs\":[\"https:\\\/\\\/www.facebook.com\\\/buergerfuerwetter\"]}]}<\/script>\n<!-- \/ Yoast SEO plugin. -->","yoast_head_json":{"title":"Startseite - B&uuml;rger f&uuml;r Wetter","description":"Internetbereich der Freien W\u00e4hlergemeinschaft B\u00fcrger f\u00fcr Wetter","robots":{"index":"index","follow":"follow","max-snippet":"max-snippet:-1","max-image-preview":"max-image-preview:large","max-video-preview":"max-video-preview:-1"},"canonical":"https:\/\/buergerfuerwetter.de\/","og_locale":"de_DE","og_type":"article","og_title":"Startseite - B&uuml;rger f&uuml;r Wetter","og_description":"Internetbereich der Freien W\u00e4hlergemeinschaft B\u00fcrger f\u00fcr Wetter","og_url":"https:\/\/buergerfuerwetter.de\/","og_site_name":"B&uuml;rger f&uuml;r Wetter","article_publisher":"https:\/\/www.facebook.com\/buergerfuerwetter","article_modified_time":"2026-03-13T08:31:10+00:00","og_image":[{"width":500,"height":500,"url":"https:\/\/buergerfuerwetter.de\/wp-content\/uploads\/2025\/07\/FB_Logo.png","type":"image\/png"}],"twitter_card":"summary_large_image","twitter_misc":{"Gesch\u00e4tzte Lesezeit":"1\u00a0Minute"},"schema":{"@context":"https:\/\/schema.org","@graph":[{"@type":"WebPage","@id":"https:\/\/buergerfuerwetter.de\/","url":"https:\/\/buergerfuerwetter.de\/","name":"Startseite - B&uuml;rger f&uuml;r Wetter","isPartOf":{"@id":"https:\/\/buergerfuerwetter.de\/#website"},"primaryImageOfPage":{"@id":"https:\/\/buergerfuerwetter.de\/#primaryimage"},"image":{"@id":"https:\/\/buergerfuerwetter.de\/#primaryimage"},"thumbnailUrl":"https:\/\/buergerfuerwetter.de\/wp-content\/uploads\/2025\/07\/FB_Logo.png","datePublished":"2025-06-14T12:48:55+00:00","dateModified":"2026-03-13T08:31:10+00:00","description":"Internetbereich der Freien W\u00e4hlergemeinschaft B\u00fcrger f\u00fcr Wetter","breadcrumb":{"@id":"https:\/\/buergerfuerwetter.de\/#breadcrumb"},"inLanguage":"de","potentialAction":[{"@type":"ReadAction","target":["https:\/\/buergerfuerwetter.de\/"]}]},{"@type":"ImageObject","inLanguage":"de","@id":"https:\/\/buergerfuerwetter.de\/#primaryimage","url":"https:\/\/buergerfuerwetter.de\/wp-content\/uploads\/2025\/07\/FB_Logo.png","contentUrl":"https:\/\/buergerfuerwetter.de\/wp-content\/uploads\/2025\/07\/FB_Logo.png","width":500,"height":500},{"@type":"BreadcrumbList","@id":"https:\/\/buergerfuerwetter.de\/#breadcrumb","itemListElement":[{"@type":"ListItem","position":1,"name":"Startseite","item":"https:\/\/buergerfuerwetter.de\/"},{"@type":"ListItem","position":2,"name":"Startseite"}]},{"@type":"WebSite","@id":"https:\/\/buergerfuerwetter.de\/#website","url":"https:\/\/buergerfuerwetter.de\/","name":"B\u00fcrger f\u00fcr Wetter","description":"","publisher":{"@id":"https:\/\/buergerfuerwetter.de\/#organization"},"potentialAction":[{"@type":"SearchAction","target":{"@type":"EntryPoint","urlTemplate":"https:\/\/buergerfuerwetter.de\/?s={search_term_string}"},"query-input":{"@type":"PropertyValueSpecification","valueRequired":true,"valueName":"search_term_string"}}],"inLanguage":"de"},{"@type":"Organization","@id":"https:\/\/buergerfuerwetter.de\/#organization","name":"B\u00fcrger f\u00fcr Wetter","url":"https:\/\/buergerfuerwetter.de\/","logo":{"@type":"ImageObject","inLanguage":"de","@id":"https:\/\/buergerfuerwetter.de\/#\/schema\/logo\/image\/","url":"https:\/\/buergerfuerwetter.de\/wp-content\/uploads\/2025\/05\/Logo-ohne-Hintergrund-scaled.png","contentUrl":"https:\/\/buergerfuerwetter.de\/wp-content\/uploads\/2025\/05\/Logo-ohne-Hintergrund-scaled.png","width":1921,"height":2560,"caption":"B\u00fcrger f\u00fcr Wetter"},"image":{"@id":"https:\/\/buergerfuerwetter.de\/#\/schema\/logo\/image\/"},"sameAs":["https:\/\/www.facebook.com\/buergerfuerwetter"]}]}},"_links":{"self":[{"href":"https:\/\/buergerfuerwetter.de\/index.php\/wp-json\/wp\/v2\/pages\/35","targetHints":{"allow":["GET"]}}],"collection":[{"href":"https:\/\/buergerfuerwetter.de\/index.php\/wp-json\/wp\/v2\/pages"}],"about":[{"href":"https:\/\/buergerfuerwetter.de\/index.php\/wp-json\/wp\/v2\/types\/page"}],"author":[{"embeddable":true,"href":"https:\/\/buergerfuerwetter.de\/index.php\/wp-json\/wp\/v2\/users\/1"}],"replies":[{"embeddable":true,"href":"https:\/\/buergerfuerwetter.de\/index.php\/wp-json\/wp\/v2\/comments?post=35"}],"version-history":[{"count":97,"href":"https:\/\/buergerfuerwetter.de\/index.php\/wp-json\/wp\/v2\/pages\/35\/revisions"}],"predecessor-version":[{"id":777,"href":"https:\/\/buergerfuerwetter.de\/index.php\/wp-json\/wp\/v2\/pages\/35\/revisions\/777"}],"wp:featuredmedia":[{"embeddable":true,"href":"https:\/\/buergerfuerwetter.de\/index.php\/wp-json\/wp\/v2\/media\/61"}],"wp:attachment":[{"href":"https:\/\/buergerfuerwetter.de\/index.php\/wp-json\/wp\/v2\/media?parent=35"}],"curies":[{"name":"wp","href":"https:\/\/api.w.org\/{rel}","templated":true}]}}